{"id":2727,"date":"2023-06-11T09:00:28","date_gmt":"2023-06-11T09:00:28","guid":{"rendered":"https:\/\/luan.webrt.net\/hadoco\/?post_type=product&#038;p=2727"},"modified":"2023-06-11T09:00:29","modified_gmt":"2023-06-11T09:00:29","slug":"thung-muoi-hoan-nguyen","status":"publish","type":"product","link":"https:\/\/maylocnuoc2.hoctot.top\/?product=thung-muoi-hoan-nguyen","title":{"rendered":"Th\u00f9ng mu\u1ed1i ho\u00e0n nguy\u00ean"},"content":{"rendered":"<p>Th\u00f9ng mu\u1ed1i nh\u1eadp kh\u1ea9u tr\u1ef1c ti\u1ebfp, v\u1edbi ki\u1ec3u d\u00e1ng \u0111\u1eb9p, v\u1ecf nh\u1ef1a c\u00f3 \u0111\u1ed9 b\u1ec1n cao, c\u00f3 b\u1ed9 l\u1ecdc mu\u1ed1i b\u00ean trong, gi\u1ea3m hi\u1ec7n t\u01b0\u1ee3ng t\u1eafc \u1ed1ng v\u00e0 b\u1ea9n van \u0111i\u1ec1u khi\u1ec3n.<\/p>\n<h3><span style=\"color: #0000ff;\"><strong>\u01afu \u0111i\u1ec3m n\u1ed5i b\u1eadt:<\/strong><\/span><\/h3>\n<ul style=\"list-style-type: circle;\">\n<li>Ki\u1ec3u d\u00e1ng \u0111\u1eb9p v\u1edbi \u0111\u1ed9 th\u1ea9m m\u1ef9 cao<\/li>\n<li>V\u1eadt li\u1ec7u Nh\u1ef1a b\u1ec1n nguy\u00ean sinh kh\u00f4ng \u0111\u1ed9c<\/li>\n<li>C\u00f3 b\u1ed9 l\u1ecdc mu\u1ed1i inside, gi\u1ea3m hi\u1ec7n t\u01b0\u1ee3ng t\u1eafc \u1ed1ng v\u00e0 b\u1ea9n van \u0111i\u1ec1u khi\u1ec3n<\/li>\n<li>B\u1ec1n v\u00e0 d\u1ec5 l\u1eafp \u0111\u1eb7t, s\u1eed d\u1ee5ng<\/li>\n<\/ul>\n<p><img loading=\"lazy\" decoding=\"async\" class=\"aligncenter size-full wp-image-2709\" src=\"https:\/\/luan.webrt.net\/hadoco\/wp-content\/uploads\/2023\/06\/z4389417836766_1ef073e97d23cf64cb77bf580db4d124.jpg\" alt=\"\" width=\"288\" height=\"573\" srcset=\"https:\/\/maylocnuoc2.hoctot.top\/wp-content\/uploads\/2023\/06\/z4389417836766_1ef073e97d23cf64cb77bf580db4d124.jpg 288w, https:\/\/maylocnuoc2.hoctot.top\/wp-content\/uploads\/2023\/06\/z4389417836766_1ef073e97d23cf64cb77bf580db4d124-201x400.jpg 201w\" sizes=\"auto, (max-width: 288px) 100vw, 288px\" \/><\/p>\n<h3><span style=\"color: #0000ff;\"><strong>S\u01a1 \u0111\u1ed3 nguy\u00ean l\u00fd ho\u1ea1t \u0111\u1ed9ng c\u1ee7a h\u1ec7 l\u00e0m m\u1ec1m n\u01b0\u1edbc:<\/strong><\/span><\/h3>\n<p><img loading=\"lazy\" decoding=\"async\" class=\"aligncenter size-full wp-image-2728\" src=\"https:\/\/luan.webrt.net\/hadoco\/wp-content\/uploads\/2023\/06\/bang3.png\" alt=\"\" width=\"781\" height=\"162\" srcset=\"https:\/\/maylocnuoc2.hoctot.top\/wp-content\/uploads\/2023\/06\/bang3.png 781w, https:\/\/maylocnuoc2.hoctot.top\/wp-content\/uploads\/2023\/06\/bang3-768x159.png 768w, https:\/\/maylocnuoc2.hoctot.top\/wp-content\/uploads\/2023\/06\/bang3-600x124.png 600w\" sizes=\"auto, (max-width: 781px) 100vw, 781px\" \/><\/p>\n<p style=\"text-align: justify;\">\u0110\u1ec3 bi\u1ebft th\u00eam chi ti\u1ebft v\u00e0 nh\u1eadn b\u00e1o gi\u00e1 c\u1ee5 th\u1ec3 xin li\u00ean h\u1ec7 Hotline: <a href=\"tel:0988.971.636\">0988.971.636<\/a>\u00a0\u2013\u00a0<a href=\"tel:0989.645.389\">0989.645.389<\/a>\u00a0ho\u1eb7c t\u1edbi tr\u1ef1c ti\u1ebfp \u0111\u1ecba ch\u1ec9:\u00a0<strong>C\u00d4NG TY CP C\u00d4NG NGH\u1ec6 HADOCO<\/strong>, 859 Quang Trung, Ph\u01b0\u1eddng Ph\u00fa La, Qu\u1eadn H\u00e0 \u0110\u00f4ng, Th\u00e0nh ph\u1ed1 H\u00e0 N\u1ed9i, Vi\u1ec7t Nam<\/p>\n","protected":false},"excerpt":{"rendered":"<p>Th\u00f9ng mu\u1ed1i nh\u1eadp kh\u1ea9u tr\u1ef1c ti\u1ebfp, v\u1edbi ki\u1ec3u d\u00e1ng \u0111\u1eb9p, v\u1ecf nh\u1ef1a c\u00f3 \u0111\u1ed9 b\u1ec1n cao, c\u00f3 b\u1ed9 l\u1ecdc mu\u1ed1i b\u00ean trong, gi\u1ea3m hi\u1ec7n t\u01b0\u1ee3ng t\u1eafc \u1ed1ng v\u00e0 b\u1ea9n van \u0111i\u1ec1u khi\u1ec3n. \u01afu \u0111i\u1ec3m n\u1ed5i b\u1eadt: Ki\u1ec3u d\u00e1ng \u0111\u1eb9p v\u1edbi \u0111\u1ed9 th\u1ea9m m\u1ef9 cao V\u1eadt li\u1ec7u Nh\u1ef1a b\u1ec1n nguy\u00ean sinh kh\u00f4ng \u0111\u1ed9c C\u00f3 b\u1ed9 l\u1ecdc [&#8230;]\n","protected":false},"featured_media":2709,"comment_status":"open","ping_status":"closed","template":"","meta":[],"product_brand":[],"product_cat":[194,157],"product_tag":[],"class_list":{"0":"post-2727","1":"product","2":"type-product","3":"status-publish","4":"has-post-thumbnail","6":"product_cat-thung-muoi-hoan-nguyen","7":"product_cat-vat-tu-xu-ly-nuoc","9":"first","10":"instock","11":"shipping-taxable","12":"product-type-simple"},"yoast_head":"<!-- This site is optimized with the Yoast SEO plugin v24.6 - https:\/\/yoast.com\/wordpress\/plugins\/seo\/ -->\n<title>Th\u00f9ng mu\u1ed1i ho\u00e0n nguy\u00ean - H\u1ee3p Nh\u1ea5t<\/title>\n<meta name=\"robots\" content=\"index, follow, max-snippet:-1, max-image-preview:large, max-video-preview:-1\" \/>\n<link rel=\"canonical\" href=\"https:\/\/maylocnuoc2.hoctot.top\/?product=thung-muoi-hoan-nguyen\" \/>\n<meta property=\"og:locale\" content=\"vi_VN\" \/>\n<meta property=\"og:type\" content=\"article\" \/>\n<meta property=\"og:title\" content=\"Th\u00f9ng mu\u1ed1i ho\u00e0n nguy\u00ean - H\u1ee3p Nh\u1ea5t\" \/>\n<meta property=\"og:description\" content=\"Th\u00f9ng mu\u1ed1i nh\u1eadp kh\u1ea9u tr\u1ef1c ti\u1ebfp, v\u1edbi ki\u1ec3u d\u00e1ng \u0111\u1eb9p, v\u1ecf nh\u1ef1a c\u00f3 \u0111\u1ed9 b\u1ec1n cao, c\u00f3 b\u1ed9 l\u1ecdc mu\u1ed1i b\u00ean trong, gi\u1ea3m hi\u1ec7n t\u01b0\u1ee3ng t\u1eafc \u1ed1ng v\u00e0 b\u1ea9n van \u0111i\u1ec1u khi\u1ec3n. \u01afu \u0111i\u1ec3m n\u1ed5i b\u1eadt: Ki\u1ec3u d\u00e1ng \u0111\u1eb9p v\u1edbi \u0111\u1ed9 th\u1ea9m m\u1ef9 cao V\u1eadt li\u1ec7u Nh\u1ef1a b\u1ec1n nguy\u00ean sinh kh\u00f4ng \u0111\u1ed9c C\u00f3 b\u1ed9 l\u1ecdc [...]\" \/>\n<meta property=\"og:url\" content=\"https:\/\/maylocnuoc2.hoctot.top\/?product=thung-muoi-hoan-nguyen\" \/>\n<meta property=\"og:site_name\" content=\"H\u1ee3p Nh\u1ea5t\" \/>\n<meta property=\"article:modified_time\" content=\"2023-06-11T09:00:29+00:00\" \/>\n<meta property=\"og:image\" content=\"https:\/\/maylocnuoc2.hoctot.top\/wp-content\/uploads\/2023\/06\/z4389417836766_1ef073e97d23cf64cb77bf580db4d124.jpg\" \/>\n\t<meta property=\"og:image:width\" content=\"288\" \/>\n\t<meta property=\"og:image:height\" content=\"573\" \/>\n\t<meta property=\"og:image:type\" content=\"image\/jpeg\" \/>\n<meta name=\"twitter:card\" content=\"summary_large_image\" \/>\n<meta name=\"twitter:label1\" content=\"\u01af\u1edbc t\u00ednh th\u1eddi gian \u0111\u1ecdc\" \/>\n\t<meta name=\"twitter:data1\" content=\"2 ph\u00fat\" \/>\n<script type=\"application\/ld+json\" class=\"yoast-schema-graph\">{\"@context\":\"https:\/\/schema.org\",\"@graph\":[{\"@type\":\"WebPage\",\"@id\":\"https:\/\/maylocnuoc2.hoctot.top\/?product=thung-muoi-hoan-nguyen\",\"url\":\"https:\/\/maylocnuoc2.hoctot.top\/?product=thung-muoi-hoan-nguyen\",\"name\":\"Th\u00f9ng mu\u1ed1i ho\u00e0n nguy\u00ean - H\u1ee3p Nh\u1ea5t\",\"isPartOf\":{\"@id\":\"https:\/\/maylocnuoc2.hoctot.top\/#website\"},\"primaryImageOfPage\":{\"@id\":\"https:\/\/maylocnuoc2.hoctot.top\/?product=thung-muoi-hoan-nguyen#primaryimage\"},\"image\":{\"@id\":\"https:\/\/maylocnuoc2.hoctot.top\/?product=thung-muoi-hoan-nguyen#primaryimage\"},\"thumbnailUrl\":\"https:\/\/maylocnuoc2.hoctot.top\/wp-content\/uploads\/2023\/06\/z4389417836766_1ef073e97d23cf64cb77bf580db4d124.jpg\",\"datePublished\":\"2023-06-11T09:00:28+00:00\",\"dateModified\":\"2023-06-11T09:00:29+00:00\",\"breadcrumb\":{\"@id\":\"https:\/\/maylocnuoc2.hoctot.top\/?product=thung-muoi-hoan-nguyen#breadcrumb\"},\"inLanguage\":\"vi\",\"potentialAction\":[{\"@type\":\"ReadAction\",\"target\":[\"https:\/\/maylocnuoc2.hoctot.top\/?product=thung-muoi-hoan-nguyen\"]}]},{\"@type\":\"ImageObject\",\"inLanguage\":\"vi\",\"@id\":\"https:\/\/maylocnuoc2.hoctot.top\/?product=thung-muoi-hoan-nguyen#primaryimage\",\"url\":\"https:\/\/maylocnuoc2.hoctot.top\/wp-content\/uploads\/2023\/06\/z4389417836766_1ef073e97d23cf64cb77bf580db4d124.jpg\",\"contentUrl\":\"https:\/\/maylocnuoc2.hoctot.top\/wp-content\/uploads\/2023\/06\/z4389417836766_1ef073e97d23cf64cb77bf580db4d124.jpg\",\"width\":288,\"height\":573},{\"@type\":\"BreadcrumbList\",\"@id\":\"https:\/\/maylocnuoc2.hoctot.top\/?product=thung-muoi-hoan-nguyen#breadcrumb\",\"itemListElement\":[{\"@type\":\"ListItem\",\"position\":1,\"name\":\"Trang ch\u1ee7\",\"item\":\"https:\/\/maylocnuoc2.hoctot.top\/\"},{\"@type\":\"ListItem\",\"position\":2,\"name\":\"S\u1ea3n ph\u1ea9m\",\"item\":\"https:\/\/maylocnuoc2.hoctot.top\/?page_id=63\"},{\"@type\":\"ListItem\",\"position\":3,\"name\":\"V\u1eadt T\u01b0 X\u1eed L\u00fd N\u01b0\u1edbc\",\"item\":\"https:\/\/maylocnuoc2.hoctot.top\/?product_cat=vat-tu-xu-ly-nuoc\"},{\"@type\":\"ListItem\",\"position\":4,\"name\":\"Th\u00f9ng mu\u1ed1i ho\u00e0n nguy\u00ean\",\"item\":\"https:\/\/maylocnuoc2.hoctot.top\/?product_cat=thung-muoi-hoan-nguyen\"},{\"@type\":\"ListItem\",\"position\":5,\"name\":\"Th\u00f9ng mu\u1ed1i ho\u00e0n nguy\u00ean\"}]},{\"@type\":\"WebSite\",\"@id\":\"https:\/\/maylocnuoc2.hoctot.top\/#website\",\"url\":\"https:\/\/maylocnuoc2.hoctot.top\/\",\"name\":\"H\u1ee3p Nh\u1ea5t\",\"description\":\"\",\"potentialAction\":[{\"@type\":\"SearchAction\",\"target\":{\"@type\":\"EntryPoint\",\"urlTemplate\":\"https:\/\/maylocnuoc2.hoctot.top\/?s={search_term_string}\"},\"query-input\":{\"@type\":\"PropertyValueSpecification\",\"valueRequired\":true,\"valueName\":\"search_term_string\"}}],\"inLanguage\":\"vi\"}]}<\/script>\n<!-- \/ Yoast SEO plugin. -->","yoast_head_json":{"title":"Th\u00f9ng mu\u1ed1i ho\u00e0n nguy\u00ean - H\u1ee3p Nh\u1ea5t","robots":{"index":"index","follow":"follow","max-snippet":"max-snippet:-1","max-image-preview":"max-image-preview:large","max-video-preview":"max-video-preview:-1"},"canonical":"https:\/\/maylocnuoc2.hoctot.top\/?product=thung-muoi-hoan-nguyen","og_locale":"vi_VN","og_type":"article","og_title":"Th\u00f9ng mu\u1ed1i ho\u00e0n nguy\u00ean - H\u1ee3p Nh\u1ea5t","og_description":"Th\u00f9ng mu\u1ed1i nh\u1eadp kh\u1ea9u tr\u1ef1c ti\u1ebfp, v\u1edbi ki\u1ec3u d\u00e1ng \u0111\u1eb9p, v\u1ecf nh\u1ef1a c\u00f3 \u0111\u1ed9 b\u1ec1n cao, c\u00f3 b\u1ed9 l\u1ecdc mu\u1ed1i b\u00ean trong, gi\u1ea3m hi\u1ec7n t\u01b0\u1ee3ng t\u1eafc \u1ed1ng v\u00e0 b\u1ea9n van \u0111i\u1ec1u khi\u1ec3n. \u01afu \u0111i\u1ec3m n\u1ed5i b\u1eadt: Ki\u1ec3u d\u00e1ng \u0111\u1eb9p v\u1edbi \u0111\u1ed9 th\u1ea9m m\u1ef9 cao V\u1eadt li\u1ec7u Nh\u1ef1a b\u1ec1n nguy\u00ean sinh kh\u00f4ng \u0111\u1ed9c C\u00f3 b\u1ed9 l\u1ecdc [...]","og_url":"https:\/\/maylocnuoc2.hoctot.top\/?product=thung-muoi-hoan-nguyen","og_site_name":"H\u1ee3p Nh\u1ea5t","article_modified_time":"2023-06-11T09:00:29+00:00","og_image":[{"width":288,"height":573,"url":"https:\/\/maylocnuoc2.hoctot.top\/wp-content\/uploads\/2023\/06\/z4389417836766_1ef073e97d23cf64cb77bf580db4d124.jpg","type":"image\/jpeg"}],"twitter_card":"summary_large_image","twitter_misc":{"\u01af\u1edbc t\u00ednh th\u1eddi gian \u0111\u1ecdc":"2 ph\u00fat"},"schema":{"@context":"https:\/\/schema.org","@graph":[{"@type":"WebPage","@id":"https:\/\/maylocnuoc2.hoctot.top\/?product=thung-muoi-hoan-nguyen","url":"https:\/\/maylocnuoc2.hoctot.top\/?product=thung-muoi-hoan-nguyen","name":"Th\u00f9ng mu\u1ed1i ho\u00e0n nguy\u00ean - H\u1ee3p Nh\u1ea5t","isPartOf":{"@id":"https:\/\/maylocnuoc2.hoctot.top\/#website"},"primaryImageOfPage":{"@id":"https:\/\/maylocnuoc2.hoctot.top\/?product=thung-muoi-hoan-nguyen#primaryimage"},"image":{"@id":"https:\/\/maylocnuoc2.hoctot.top\/?product=thung-muoi-hoan-nguyen#primaryimage"},"thumbnailUrl":"https:\/\/maylocnuoc2.hoctot.top\/wp-content\/uploads\/2023\/06\/z4389417836766_1ef073e97d23cf64cb77bf580db4d124.jpg","datePublished":"2023-06-11T09:00:28+00:00","dateModified":"2023-06-11T09:00:29+00:00","breadcrumb":{"@id":"https:\/\/maylocnuoc2.hoctot.top\/?product=thung-muoi-hoan-nguyen#breadcrumb"},"inLanguage":"vi","potentialAction":[{"@type":"ReadAction","target":["https:\/\/maylocnuoc2.hoctot.top\/?product=thung-muoi-hoan-nguyen"]}]},{"@type":"ImageObject","inLanguage":"vi","@id":"https:\/\/maylocnuoc2.hoctot.top\/?product=thung-muoi-hoan-nguyen#primaryimage","url":"https:\/\/maylocnuoc2.hoctot.top\/wp-content\/uploads\/2023\/06\/z4389417836766_1ef073e97d23cf64cb77bf580db4d124.jpg","contentUrl":"https:\/\/maylocnuoc2.hoctot.top\/wp-content\/uploads\/2023\/06\/z4389417836766_1ef073e97d23cf64cb77bf580db4d124.jpg","width":288,"height":573},{"@type":"BreadcrumbList","@id":"https:\/\/maylocnuoc2.hoctot.top\/?product=thung-muoi-hoan-nguyen#breadcrumb","itemListElement":[{"@type":"ListItem","position":1,"name":"Trang ch\u1ee7","item":"https:\/\/maylocnuoc2.hoctot.top\/"},{"@type":"ListItem","position":2,"name":"S\u1ea3n ph\u1ea9m","item":"https:\/\/maylocnuoc2.hoctot.top\/?page_id=63"},{"@type":"ListItem","position":3,"name":"V\u1eadt T\u01b0 X\u1eed L\u00fd N\u01b0\u1edbc","item":"https:\/\/maylocnuoc2.hoctot.top\/?product_cat=vat-tu-xu-ly-nuoc"},{"@type":"ListItem","position":4,"name":"Th\u00f9ng mu\u1ed1i ho\u00e0n nguy\u00ean","item":"https:\/\/maylocnuoc2.hoctot.top\/?product_cat=thung-muoi-hoan-nguyen"},{"@type":"ListItem","position":5,"name":"Th\u00f9ng mu\u1ed1i ho\u00e0n nguy\u00ean"}]},{"@type":"WebSite","@id":"https:\/\/maylocnuoc2.hoctot.top\/#website","url":"https:\/\/maylocnuoc2.hoctot.top\/","name":"H\u1ee3p Nh\u1ea5t","description":"","potentialAction":[{"@type":"SearchAction","target":{"@type":"EntryPoint","urlTemplate":"https:\/\/maylocnuoc2.hoctot.top\/?s={search_term_string}"},"query-input":{"@type":"PropertyValueSpecification","valueRequired":true,"valueName":"search_term_string"}}],"inLanguage":"vi"}]}},"_links":{"self":[{"href":"https:\/\/maylocnuoc2.hoctot.top\/index.php?rest_route=\/wp\/v2\/product\/2727","targetHints":{"allow":["GET"]}}],"collection":[{"href":"https:\/\/maylocnuoc2.hoctot.top\/index.php?rest_route=\/wp\/v2\/product"}],"about":[{"href":"https:\/\/maylocnuoc2.hoctot.top\/index.php?rest_route=\/wp\/v2\/types\/product"}],"replies":[{"embeddable":true,"href":"https:\/\/maylocnuoc2.hoctot.top\/index.php?rest_route=%2Fwp%2Fv2%2Fcomments&post=2727"}],"wp:featuredmedia":[{"embeddable":true,"href":"https:\/\/maylocnuoc2.hoctot.top\/index.php?rest_route=\/wp\/v2\/media\/2709"}],"wp:attachment":[{"href":"https:\/\/maylocnuoc2.hoctot.top\/index.php?rest_route=%2Fwp%2Fv2%2Fmedia&parent=2727"}],"wp:term":[{"taxonomy":"product_brand","embeddable":true,"href":"https:\/\/maylocnuoc2.hoctot.top\/index.php?rest_route=%2Fwp%2Fv2%2Fproduct_brand&post=2727"},{"taxonomy":"product_cat","embeddable":true,"href":"https:\/\/maylocnuoc2.hoctot.top\/index.php?rest_route=%2Fwp%2Fv2%2Fproduct_cat&post=2727"},{"taxonomy":"product_tag","embeddable":true,"href":"https:\/\/maylocnuoc2.hoctot.top\/index.php?rest_route=%2Fwp%2Fv2%2Fproduct_tag&post=2727"}],"curies":[{"name":"wp","href":"https:\/\/api.w.org\/{rel}","templated":true}]}}